of 0 - 1/720*z**6 + 0*z**3 - 1/24*z**5 - 1/8*z**4 + z**2 + 0*z. Let w(r) be the second derivative of x(r). Give w(-4).
-1
Let q(s) be the third derivative of -s**4/4 + 2*s**3/3 + 2*s**2 + 5. Calculate q(5).
-26
Let k(y) = y + y**3 - 7 + y + 0*y**3 - 6*y**2 - y. Give k(6).
-1
Let n(p) be the second derivative of p**4/12 - 7*p**3/6 + 5*p**2 - 9*p. Suppose x = -4*y + 27, 2*y - 7*y + x = -36. What is n(y)?
10
Let b(u) = -2*u**2 - 4 - 2*u**2 + 3*u**3 - 5*u - 2*u**3. Suppose q = 11*n - 55, 15 = 3*n + 3*q - 5*q. What is b(n)?
-4
Let d(c) be the third derivative of c**8/20160 + c**7/630 - c**6/120 + 47*c**5/60 + c**2 - 2*c. Let h(t) be the third derivative of d(t). Calculate h(-8).
-6
Suppose -9*v - 30 = -4*v. Let p = 9 + v. Let d(z) = -2*z**2 + 5*z - 3. Give d(p).
-6
Let k(n) = 5*n**2 + n + 2. Let j be k(0). Suppose x = 4*b + 23, 0*x - j*b = 4*x - 20. Let l(v) = v**3 - 8*v**2 + 8*v - 3. Calculate l(x).
4
Let v = -18 + 11. Let i(f) = -2*f**2 + f - 6. Let l(w) = w**2 + 3. Let r(m) = v*l(m) - 3*i(m). Suppose 4*g = -2 - 14. What is r(g)?
-7
Let z(y) be the first derivative of -5*y - 1/2*y**2 - 1 + 1/3*y**3. Determine z(-4).
15
Let l(x) = 4*x**3 - 9*x**2 - 3*x + 1. Let k(b) = b**3 - 2*b**2 - b. Suppose 3*d = -j + 1 + 6, 3*d = 4*j + 2. Let s(a) = d*l(a) - 9*k(a). Determine s(-2).
4
Let c = 3 + -7. Let j(i) be the second derivative of 0 - 2*i**2 + 1/12*i**4 + 0*i**3 + 31*i. Calculate j(c).
12
Let z(w) = w**3 - 4*w**2 + 3*w - 1. Let h = -303 + 305. Determine z(h).
-3
Let n(i) = i**2 + 8*i - 4. Let g be 2/(-3)*(-45)/6. Let o(t) = t**2 - 4*t - 13. Let f be o(g). Give n(f).
-4
Let b = 608 - 611. Let j(w) = -2*w**3 - 9*w**2 - 7*w - 1. Determine j(b).
-7
Let i(z) = -30*z**3 - z**2 + 2*z - 1. Suppose -282 = -17*m - 265. Determine i(m).
-30
Let m(n) be the third derivative of 13*n**6/60 + n**4/24 - n**3/6 - 13*n**2. Determine m(1).
26
Let g(t) be the second derivative of 1/20*t**5 - t**2 - 2/3*t**3 + 1/4*t**4 + 0 - 4*t. Suppose 3 = -l - 0. What is g(l)?
10
Let o(j) = -5*j - 12. Let x(z) = -z - 5. Let s(g) = -o(g) + 2*x(g). Calculate s(6).
20
Let c(k) = 2*k - 10. Let f = 39 + -35. Let v be c(f). Let o(z) be the second derivative of z**4/12 - z**3/6 + z**2 + 3*z. Calculate o(v).
8
Suppose 46 = 8*j + 38. Let x(o) = o. Let z(a) = 6*a**2 - 6*a - 1. Let q(p) = 6*x(p) + z(p). Give q(j).
5
Let r(x) be the first derivative of 0*x + 2/3*x**3 + 1/120*x**6 + x**2 - 1/30*x**5 + 6 - 1/4*x**4. Let v(q) be the second derivative of r(q). Determine v(4).
12
Suppose 2*z + 2 + 7 = 5*b, 4*z = 2*b - 10. Let f(n) = -2*n - 5. Determine f(b).
-7
Suppose 5*q + 5*n + 287 - 7 = 0, 0 = -q - 3*n - 62. Let d = 59 + q. Let p(j) = -j**3 + 6*j**2 + 6. Give p(d).
6
Suppose 0*m + 5*m = 15. Suppose 2*z = 0, 44 = -3*i + m*z + 17. Let u(y) = y**3 + 8*y**2 - 9*y - 1. What is u(i)?
-1
Let r(x) = 4*x - 3 - 4*x - x. Let f be r(-8). Let n(c) be the second derivative of -c**5/20 + c**4/3 + c**3/3 + 7*c**2/2 + 149*c. Determine n(f).
-8
Let j(z) = 3*z. Let s(v) = -4*v. Let d(m) = 6*j(m) + 3*s(m). Suppose -36 + 37 = h. Calculate d(h).
6
Let u(s) = s**2 + 2*s - 3. Let l be u(2). Let p(i) = -18*i + 1. Let n(y) = 20*y - 4. Let v(b) = n(b) + p(b). Calculate v(l).
7
Suppose 5*i + 0 = -60. Let k(y) = -y + 6. Give k(i).
18
Suppose 16*v = -32 + 80. Let c(k) = -k**3 + 5*k - 6. Determine c(v).
-18
Let x(a) = -3*a - 1. Suppose -5 = v - 2*u - 0, -2*v + 26 = 5*u. Suppose 0 = -v*k + 1 + 2. Suppose -3*d = 2*f + 1, -2*d - 3 = -k. Determine x(f).
-4
Suppose 0 = -23*b + 59 - 13. Let o(p) = -p**3 + p**2 - p + 6. What is o(b)?
0
Let w(y) = 3*y + 34. Let v(i) = -4*i - 46. Let l(k) = -2*v(k) - 3*w(k). Calculate l(-20).
10
Let t(z) = -z - 1. Let p(u) = -7*u + 3. Let g(i) = -p(i) + 5*t(i). Determine g(10).
12
Let i = -6 - -1. Let c(g) be the first derivative of -g**4/4 - 4*g**3/3 + 3*g**2/2 + 2*g - 964. Calculate c(i).
12
Suppose -8 = 142*n - 146*n. Let t(g) = 4*g**2 - 2*g + 1. Give t(n).
13
Let x(i) be the second derivative of -i**5/20 - 3*i**4/4 - 5*i**3/3 - 3*i**2/2 + 150*i. What is x(-8)?
13
Let z(x) = -x**2 + 52*x - 450. Let j be z(41). Let h(u) be the second derivative of -u + 0*u**2 + 0 + 7/6*u**3. Determine h(j).
7
Let o(d) = 4*d + 6. Let k(v) = 2*v + 3. Let g(c) = 11*k(c) - 6*o(c). Let j be 24/(-18)*(-3)/(-8)*4. Determine g(j).
1
Suppose 0 = x + 11 - 14. Suppose -2*h - x*h + 25 = 0. Let i(q) = -q**2 + 2*q - 2. Determine i(h).
-17
Let i(r) be the second derivative of r**5/20 + r**4/6 - 5*r**3/3 - 17*r**2/2 + 454*r. What is i(-4)?
-9
Let j(c) = c**3 + 14*c**2 - 4*c - 42. Let s be j(-14). Let f = -35 + 17. Let d = s + f. Let h(i) = -3*i - 4. What is h(d)?
8
Let f(n) be the second derivative of 3*n**5/20 + n**4/12 - 178*n. Suppose 0 = 3*d + 2 + 4. Let c = d + 3. Calculate f(c).
4
Let g(m) be the third derivative of m**5/60 - m**4/3 + m**3/2 - 35*m**2. Let u(a) = -a**3 - 9*a**2 + 9*a - 2. Let n be u(-10). Determine g(n).
3
Let d(v) = v**3 + 15*v**2 + 19*v - 18. Suppose 5*k + 4*p + 0*p + 50 = 0, 5*k + 2*p = -60. Give d(k).
-88
Let h = 21 + -13. Suppose 5*i = 9*i - h. Let q(n) = -1 + i*n**2 + 4*n**2 - 3*n - 4*n**2 + 4*n. Calculate q(-3).
14
Let l(g) be the second derivative of 3/2*g**3 + 0 + 15*g + 1/60*g**5 + 4*g**2 + 5/24*g**4. Let t(b) be the first derivative of l(b). Give t(-6).
15
Let r(m) be the second derivative of m**5/20 - m**4/2 - 7*m**3/6 + 2*m**2 - m + 12. What is r(7)?
4
Suppose 0 = -0*u + 5*u - a + 137, -4*u = a + 106. Let g be ((-9)/u)/((-2)/(-30)). Let l(c) = 3*c - 6. Give l(g).
9
Let f(z) = 7*z**2 - 5*z + 1. Let o be f(-2). Let h(t) = -t + o*t**2 - 33*t**2 + t - 1. Give h(-1).
5
Let k(t) = 4*t**3 + 10*t**2 - 42*t - 32. Let g(d) = 3*d**3 + 7*d**2 - 31*d - 24. Let f(x) = -15*g(x) + 11*k(x). Let y = 15 - 9. Calculate f(y).
-10
Let b = -1 + 6. Let p(c) = -3*c - 7. Let t(i) = 13*i + 10*i + 4 - 21*i. Let w(o) = -3*p(o) - 5*t(o). Calculate w(b).
-4
Let b = -548 - -537. Let d(t) = t**3 + 10*t**2 - 7*t + 13. Determine d(b).
-31
Let z(k) be the first derivative of -k**3/3 - 9*k**2 - 8*k + 102. Give z(-18).
-8
Suppose 26 = -3*z - 5*j - 14, 5*j + 25 = 0. Let r(t) = -t**3 - 6*t**2 + t + 6. Calculate r(z).
-24
Let s(m) = -56*m - 325. Let g be s(-6). Let z(q) = -q**2 + 14*q - 27. Determine z(g).
6
Let z = 10 - 29. Let a = 0 - z. Suppose -5*g + 2 = 3*c, -4*c + 2*g + a = -1. Let m(u) = 5*u - 6. Determine m(c).
14
Let f(i) be the second derivative of 0*i**2 + 1/3*i**4 + 0 + 1/20*i**5 + 13*i + 0*i**3. Determine f(-4).
0
Suppose -3*r = -2*h - 1 - 9, -2*r + 8 = -2*h. Let m(l) = 76*l - 2*l**2 + 86*l + 80*l - 245*l - 1. Give m(h).
-3
Let u = 24 - 21. Let m(x) = -6 + 4 - 3*x + x**3 + x**2 + 0 + u. Let k be ((-6)/(-8))/(12/32). Determine m(k).
7
Suppose 0 = -2*w - k - 16, 3*w + 2*k = 3 - 27. Let q(d) = 241 + d**3 + 2*d - 231 + 8*d**2 - d. Give q(w).
2
Let a(t) = -t**3 + 11*t**2 + 28*t - 15. Let b be a(13). Let m(q) = q**2 - 12*q + 9. Give m(b).
-2
Suppose -36 = 3*i - 45. Suppose 2*f + i*b + 9 = -f, 2*b - 18 = f. Let h(k) = -k**2 - 8*k - 2. Determine h(f).
-2
Let i(r) = -7*r + 8. Let v = 3 + 3. Let m(s) = 13*s - 16. Let y(d) = v*m(d) + 11*i(d). Determine y(6).
-2
Let f(t) = -t**2 - 11*t - 5. Let i be f(-10). Suppose p - 3*n = 6*p + 2, -5 = -i*n. Let d(m) = 4*m - 1. Calculate d(p).
-5
Suppose -2*x + 5*y - 42 = -6, -2*y = -4*x - 40. Let n(l) = -l**3 - 9*l**2 - 11*l - 19. Calculate n(x).
5
Let b(m) = -7*m**2 + m**3 - 4 + 3*m**2 + 1 + 12*m**2 - 2*m. Calculate b(-8).
13
Let c(v) = -v**3 - 11*v**2 - v - 12. Let n = 125 - 136. Give c(n).
-1
Let n(v) = v**2 + 7*v + 5. Let u be n(-4). Let a(x) = 2*x + 12. What is a(u)?
-2
Let j = 1 - 6. Let l(c) = -c**2 + c + 4. Let q be l(2). Let f(y) = -9 - 2*y + 0*y + q + y. Calculate f(j).
-2
Let c(o) be the second derivative of o**4/12 - 3*o**3/2 - 23*o**2/2 + 350*o. Give c(8).
-31
Let a(w) = 5*w**2 + 14*w - 9. Let o(n) = 3*n**2 + 7*n - 5. Suppose 2 = 2*t + 10. Let p(l) = t*a(l) + 7*o(l). Calculate p(6).
-5
Let c(w) = -4*w + 1. Let i = -19 - -17. Let y be 80/(-16) - (0 + i). Calculate c(y).
13
Let u(d) = -d**2 - 1. Let k be u(2). Let t(b) = -9*b - 3 - 6*b**2 - 10*b - 9*b + 22*b + 0 - b**3. Determine t(k).
2
Let p(z) = -2*z - 3. Let o(h) = 2*h - 29. Let r(a) = a**2 - a + 7. Let u be r(3). Let s be o(u). What is p(s)?
3
Let n(g) be the third derivative of g**6/120 + 7*g**5/60 - g**4/24 - 116*g**2. Determine n(